s 34381 a prime number?
True
Is 2283 prime?
False
Is 621583 prime?
True
Is 3659 composite?
False
Is 10694 a composite number?
True
Is 449509 a composite number?
True
Is 176419 composite?
False
Is 71701 a prime number?
False
Is 4030121 composite?
False
Is 1337 composite?
True
Is 4083 a composite number?
True
Is 85991 composite?
False
Is 409 composite?
False
Is 5251 composite?
True
Is 31819 composite?
True
Is 19661 a prime number?
True
Is 30133 a prime number?
True
Is 2447 prime?
True
Is 94307 a prime number?
True
Is 247 a prime number?
False
Is 38723 a composite number?
False
Is 631 a composite number?
False
Is 170851 composite?
False
Is 104117 a prime number?
False
Is 32887 prime?
True
Is 98429 prime?
True
Is 15659 prime?
False
Is 77465 a composite number?
True
Is 22111 a prime number?
True
Is 75793 a composite number?
False
Is 77963 a composite number?
True
Is 110161 composite?
False
Is 109 a prime number?
True
Is 82699 prime?
True
Is 11785 a prime number?
False
Is 287791 a prime number?
False
Is 799 a composite number?
True
Is 228167 a prime number?
False
Is 216271 composite?
True
Is 584509 composite?
False
Is 4783 a composite number?
False
Is 155291 composite?
False
Is 1544159 composite?
False
Is 109199 a prime number?
True
Is 6467 composite?
True
Is 91231 prime?
False
Is 2249279 a composite number?
True
Is 7697 a composite number?
True
Is 161521 prime?
True
Is 60301 a prime number?
False
Is 36451 a prime number?
True
Is 278011 prime?
False
Is 1759 a composite number?
False
Is 2588051 prime?
True
Is 111541 a composite number?
True
Is 3191 a composite number?
False
Is 191 a prime number?
True
Is 33766 a composite number?
True
Is 139078 a composite number?
True
Is 148907 composite?
True
Is 79 a composite number?
False
Is 21929 composite?
False
Is 407087 composite?
True
Is 23509 a composite number?
False
Is 12889 prime?
True
Is 957781 composite?
True
Is 24469 a prime number?
True
Is 719765 a prime number?
False
Is 129419 prime?
True
Is 6131 a prime number?
True
Is 134567 composite?
True
Is 155887 composite?
False
Is 483193 a prime number?
False
Is 43943 prime?
True
Is 27673 composite?
False
Is 13747 composite?
True
Is 18487429 a prime number?
True
Is 583097 a prime number?
False
Is 176923 prime?
True
Is 939119 composite?
False
Is 94999 prime?
True
Is 121031 prime?
False
Is 72913 composite?
True
Is 2791999 a composite number?
True
Is 40659 a prime number?
False
Is 1129073 composite?
True
Is 263759 a composite number?
False
Is 2158105 composite?
True
Is 26903 prime?
True
Is 202361 a prime number?
True
Is 50395 a prime number?
False
Is 77791 a composite number?
True
Is 12989 prime?
False
Is 599815 a prime number?
False
Is 1538267 prime?
True
Is 56081 a composite number?
False
Is 1483 a prime number?
True
Is 147799 composite?
False
Is 76163 composite?
False
Is 13549 a prime number?
False
Is 2719 composite?
False
Is 19637 prime?
False
Is 308351 a prime number?
False
Is 145391 a composite number?
False
Is 282085 prime?
False
Is 7639 composite?
False
Is 750481 a composite number?
True
Is 331447 prime?
True
Is 365327 a composite number?
False
Is 1419293 a composite number?
False
Is 32933 a prime number?
True
Is 166273 a composite number?
False
Is 22465 a composite number?
True
Is 3659 composite?
False
Is 6521 composite?
False
Is 537 a composite number?
True
Is 750277 a prime number?
False
Is 8419 composite?
False
Is 1085821 prime?
False
Is 24281 composite?
False
Is 48593 composite?
False
Is 2309 a composite number?
False
Is 108111 prime?
False
Is 10379 a composite number?
True
Is 29461 composite?
True
Is 51571 composite?
True
Is 19913 a composite number?
False
Is 991207 a composite number?
True
Is 45233 a composite number?
False
Is 446179 a composite number?
False
Is 1319 composite?
False
Is 104407 prime?
False
Is 235273 prime?
True
Is 7069 composite?
False
Is 705707 a prime number?
False
Is 1729571 a composite number?
True
Is 68377 a prime number?
False
Is 4239121 prime?
True
Is 285421 a prime number?
True
Is 919333 prime?
False
Is 103273 prime?
False
Is 165667 composite?
False
Is 7121 a prime number?
True
Is 162209 composite?
False
Is 22579 composite?
True
Is 38113 a prime number?
True
Is 7891 prime?
False
Is 42803 a prime number?
False
Is 1303787 composite?
False
Is 211053 a composite number?
True
Is 347759 prime?
True
Is 144389 prime?
False
Is 2742263 a prime number?
True
Is 123407 a prime number?
True
Is 14743 a prime number?
False
Is 1657 prime?
True
Is 67103 a composite number?
False
Is 124897 prime?
True
Is 730433 a prime number?
False
Is 23407 a composite number?
True
Is 2171557 a composite number?
False
Is 2939 a composite number?
False
Is 85379 composite?
True
Is 733 composite?
False
Is 391519 a prime number?
True
Is 318731 a prime number?
False
Is 394293 prime?
False
Is 769541 a prime number?
True
Is 178217 a prime number?
False
Is 28807 a composite number?
False
Is 20877 a prime number?
False
Is 44146 composite?
True
Is 151835 composite?
True
Is 24359 composite?
False
Is 69887 prime?
False
Is 131443 a prime number?
False
Is 651685 a prime number?
False
Is 1153727 a composite number?
True
Is 4177 composite?
False
Is 71279 prime?
False
Is 278987 a prime number?
False
Is 311 a composite number?
False
Is 2051497 a prime number?
False
Is 19661 a composite number?
False
Is 50719 a prime number?
False
Is 1645045 a prime number?
False
Is 176279 prime?
False
Is 141407 composite?
True
Is 5353 a prime number?
False
Is 3559 a prime number?
True
Is 556247 composite?
True
Is 375883 a composite number?
True
Is 115189 a prime number?
False
Is 15427 a prime number?
True
Is 732626 composite?
True
Is 1052851 composite?
False
Is 155219 prime?
True
Is 2369863 a composite number?
False
Is 5127 a prime number?
False
Is 42565 a prime number?
False
Is 1573183 composite?
False
Is 397 prime?
True
Is 422033 composite?
True
Is 319387 a prime number?
True
Is 8521 a composite number?
False
Is 630577 prime?
True
Is 143 composite?
True
Is 366127 composite?
False
Is 197857 composite?
True
Is 8347 composite?
True
Is 3593 a composite number?
False
Is 267679 a prime number?
True
Is 28349 a composite number?
False
Is 280859 prime?
True
Is 28066 a prime number?
False
Is 11657 prime?
True
Is 6143 a prime number?
True
Is 19889 a prime number?
True
Is 5639 prime?
True
Is 23339 composite?
False
Is 57745 a composite number?
True
Is 410507 composite?
False
Is 1329353 prime?
True
Is 157009 a composite number?
True
Is 943213 composite?
False
Is 606673 prime?
True
Is 18041 prime?
True
Is 166861 a prime number?
True
Is 616051 prime?
True
Is 30203 a composite number?
False
Is 92893 a prime number?
True
Is 62189 composite?
False
Is 9091 composite?
False
Is 34603 a prime number?
True
Is 60427 a composite number?
False
Is 501457 prime?
False
Is 12319 composite?
True
Is 4421 a composite number?
False
Is 39761 composite?
False
Is 70639 a composite number?
False
Is 27073 a composite number?
False
Is 39142 a prime number?
False
Is 5879 a prime number?
True
Is 112741 a prime number?
True
Is 139831 prime?
True
Is 50989 prime?
True
Is 69899 a prime number?
True
Is 1671 prime?
False
Is 19289 a composite number?
False
Is 30445 a prime number?
False
Is 41381 a composite number?
False
Is 1511 prime?
True
Is 1945 composite?
True
Is 127739 a composite number?
False
Is 1081277 composite?
False
Is 24623 prime?
True
Is 322051 a prime number?
True
Is 7039 a prime number?
True
Is 99487 prime?
True
Is 70099 prime?
True
Is 27631 prime?
True
Is 26173 prime?
False
Is 17507791 a prime number?
False
Is 15451 prime?
True
Is 97979 composite?
True
Is 23611 a prime number?
False
Is 75673 a prime number?
False
Is 4673 a composite number?
False
Is 22985 a composite number?
True
Is 333019 a prime number?
True
Is 23299 prime?
False
Is 8383 a prime number?
False
Is 542891 a composite number?
False
Is 4501 a composite number?
True
Is 292571 composite?
True
Is 205883 a prime number?
True
Is 35761 a composite number?
True
Is 33421 a composite number?
True
Is 889 prime?
False
Is 6742 prime?
False
Is 1009594 prime?
False
Is 69283 composite?
True
Is 702766 a composite number?
True
Is 8353 prime?
True
Is 344083 prime?
True
Is 627599 composite?
True
Is 36349 a prime number?
False
Is 368167 a composite number?
True
Is 9587 pri